{"id":15,"date":"2018-11-12T20:49:32","date_gmt":"2018-11-12T20:49:32","guid":{"rendered":"https:\/\/www.psttryskacze.pl\/?page_id=15"},"modified":"2018-11-15T22:16:44","modified_gmt":"2018-11-15T22:16:44","slug":"o-nas","status":"publish","type":"page","link":"https:\/\/www.psttryskacze.pl\/?page_id=15","title":{"rendered":"O nas"},"content":{"rendered":"<p><em><strong>Wszystko zacz\u0119\u0142o si\u0119 od &#8230;<\/strong><\/em><\/p>\n<p><em>\u201eMam do przeprojektowania tryskacze w ma\u0142ym butiku. Mo\u017ce chcesz si\u0119 tym zaj\u0105\u0107?\u201d \u2013 dok\u0142adnie tak brzmia\u0142y s\u0142owa w s\u0142uchawce, od kt\u00f3rych wszystko si\u0119 zacz\u0119\u0142o. Zamkn\u0105\u0142em oczy i odwr\u00f3ci\u0142em g\u0142ow\u0119. Stan\u0105\u0142 mi przed oczami obraz, kt\u00f3ry powtarza\u0142 si\u0119 nieprzerwanie od kilku lat. Fajnie by\u0142oby mie\u0107 co\u015b swojego \u2013 pomy\u015bla\u0142em. W\u0142a\u015bnie tak zrodzi\u0142 si\u0119 pomys\u0142 stworzenia marki, kt\u00f3ra w kr\u00f3tkim czasie zosta\u0142a wprowadzona na rynek instalacji sanitarnych w Polsce.<\/em><\/p>\n<p>Projektowanie System\u00f3w Tryskaczowych to ju\u017c nie tylko ma\u0142e butiki, ale przede wszystkim du\u017ce obiekty przemys\u0142owe, takie jak:<\/p>\n<ul>\n<li>hale magazynowe i produkcyjne,<\/li>\n<li>sklepy wielkopowierzchniowe,<\/li>\n<li>galerie handlowe oraz<\/li>\n<li>hotele.<\/li>\n<\/ul>\n<p>Posiadamy du\u017ce do\u015bwiadczenie w zakresie projektowania i nadzoru instalacji przeciwpo\u017carowych, kt\u00f3re od 8 lat nieustannie rozwijamy. Nasi projektanci specjalizuj\u0105 si\u0119 w:<\/p>\n<ul>\n<li>instalacjach tryskaczowych,<\/li>\n<li>instalacjach zraszaczowych,<\/li>\n<li>instalacjach hydrantowych,<\/li>\n<li>instalacjach mg\u0142y wodnej,<\/li>\n<li>technologii pompowni ppo\u017c.<\/li>\n<\/ul>\n<p>W przypadku szczeg\u00f3\u0142owej oferty projektowej, zach\u0119cam do kontaktu.<\/p>\n<div id=\"su_carousel_69e23552c4ad6\" class=\"su-carousel su-carousel-centered su-carousel-pages-no su-carousel-responsive-yes\" style=\"width:100%\" data-autoplay=\"3000\" data-speed=\"600\" data-mousewheel=\"true\" data-items=\"2\" data-scroll=\"1\"><div class=\"su-carousel-slides\"><div class=\"su-carousel-slide\"><a><img decoding=\"async\" src=\"https:\/\/www.psttryskacze.pl\/wp-content\/uploads\/2018\/11\/Pompownia_13-282x200.jpg\" alt=\"Pompownia_13\" \/><\/a><\/div><div class=\"su-carousel-slide\"><a><img decoding=\"async\" src=\"https:\/\/www.psttryskacze.pl\/wp-content\/uploads\/2018\/11\/Pompownia_12-282x200.jpg\" alt=\"Pompownia_12\" \/><\/a><\/div><div class=\"su-carousel-slide\"><a><img decoding=\"async\" src=\"https:\/\/www.psttryskacze.pl\/wp-content\/uploads\/2018\/11\/Pompownia_11-282x200.jpg\" alt=\"Pompownia_11\" \/><\/a><\/div><div class=\"su-carousel-slide\"><a><img decoding=\"async\" src=\"https:\/\/www.psttryskacze.pl\/wp-content\/uploads\/2018\/11\/Pompownia_10-282x200.jpg\" alt=\"Pompownia_10\" \/><\/a><\/div><div class=\"su-carousel-slide\"><a><img decoding=\"async\" src=\"https:\/\/www.psttryskacze.pl\/wp-content\/uploads\/2018\/11\/Pompownia_09-282x200.jpg\" alt=\"Pompownia_09\" \/><\/a><\/div><div class=\"su-carousel-slide\"><a><img decoding=\"async\" src=\"https:\/\/www.psttryskacze.pl\/wp-content\/uploads\/2018\/11\/Pompownia_08-282x200.jpg\" alt=\"Pompownia_08\" \/><\/a><\/div><div class=\"su-carousel-slide\"><a><img decoding=\"async\" src=\"https:\/\/www.psttryskacze.pl\/wp-content\/uploads\/2018\/11\/Pompownia_07-282x200.jpg\" alt=\"Pompownia_07\" \/><\/a><\/div><div class=\"su-carousel-slide\"><a><img decoding=\"async\" src=\"https:\/\/www.psttryskacze.pl\/wp-content\/uploads\/2018\/11\/Pompownia_06-282x200.jpg\" alt=\"Pompownia_06\" \/><\/a><\/div><div class=\"su-carousel-slide\"><a><img decoding=\"async\" src=\"https:\/\/www.psttryskacze.pl\/wp-content\/uploads\/2018\/11\/Pompownia_05-282x200.jpg\" alt=\"Pompownia_05\" \/><\/a><\/div><div class=\"su-carousel-slide\"><a><img decoding=\"async\" src=\"https:\/\/www.psttryskacze.pl\/wp-content\/uploads\/2018\/11\/Pompownia_04-282x200.jpg\" alt=\"Pompownia_04\" \/><\/a><\/div><div class=\"su-carousel-slide\"><a><img decoding=\"async\" src=\"https:\/\/www.psttryskacze.pl\/wp-content\/uploads\/2018\/11\/Pompownia_03-282x200.jpg\" alt=\"Pompownia_03\" \/><\/a><\/div><div class=\"su-carousel-slide\"><a><img decoding=\"async\" src=\"https:\/\/www.psttryskacze.pl\/wp-content\/uploads\/2018\/11\/Pompownia_02-282x200.jpg\" alt=\"Pompownia_02\" \/><\/a><\/div><div class=\"su-carousel-slide\"><a><img decoding=\"async\" src=\"https:\/\/www.psttryskacze.pl\/wp-content\/uploads\/2018\/11\/Pompownia_01-282x200.jpg\" alt=\"Pompownia_01\" \/><\/a><\/div><\/div><div class=\"su-carousel-nav\"><div class=\"su-carousel-direction\"><span class=\"su-carousel-prev\"><\/span><span class=\"su-carousel-next\"><\/span><\/div><div class=\"su-carousel-pagination\"><\/div><\/div><\/div>\n","protected":false},"excerpt":{"rendered":"<p>Wszystko zacz\u0119\u0142o si\u0119 od &#8230; \u201eMam do przeprojektowania tryskacze w ma\u0142ym butiku. Mo\u017ce chcesz si\u0119 tym zaj\u0105\u0107?\u201d \u2013 dok\u0142adnie tak brzmia\u0142y s\u0142owa w s\u0142uchawce, od kt\u00f3rych wszystko si\u0119 zacz\u0119\u0142o. Zamkn\u0105\u0142em oczy i odwr\u00f3ci\u0142em g\u0142ow\u0119. Stan\u0105\u0142 mi przed oczami obraz, kt\u00f3ry powtarza\u0142 si\u0119 nieprzerwanie od kilku lat. Fajnie by\u0142oby mie\u0107 co\u015b [&hellip;]<\/p>\n","protected":false},"author":1,"featured_media":0,"parent":0,"menu_order":0,"comment_status":"closed","ping_status":"closed","template":"","meta":{"footnotes":""},"class_list":["post-15","page","type-page","status-publish","hentry"],"yoast_head":"<!-- This site is optimized with the Yoast SEO plugin v26.0 - https:\/\/yoast.com\/wordpress\/plugins\/seo\/ -->\n<title>PST sp\u00f3\u0142ka z o.o. - projektowanie system\u00f3w tryskaczowych<\/title>\n<meta name=\"description\" content=\"Oferujemy kompleksowe rozwi\u0105zania w zakresie instalacji tryskaczowych, zraszaczowych, hydrantowych, instalacji mg\u0142y wodnej oraz technologii pompowni ppo\u017c.\" \/>\n<meta name=\"robots\" content=\"index, follow, max-snippet:-1, max-image-preview:large, max-video-preview:-1\" \/>\n<link rel=\"canonical\" href=\"https:\/\/www.psttryskacze.pl\/?page_id=15\" \/>\n<meta property=\"og:locale\" content=\"pl_PL\" \/>\n<meta property=\"og:type\" content=\"article\" \/>\n<meta property=\"og:title\" content=\"PST sp\u00f3\u0142ka z o.o. - projektowanie system\u00f3w tryskaczowych\" \/>\n<meta property=\"og:description\" content=\"Oferujemy kompleksowe rozwi\u0105zania w zakresie instalacji tryskaczowych, zraszaczowych, hydrantowych, instalacji mg\u0142y wodnej oraz technologii pompowni ppo\u017c.\" \/>\n<meta property=\"og:url\" content=\"https:\/\/www.psttryskacze.pl\/?page_id=15\" \/>\n<meta property=\"og:site_name\" content=\"PST\" \/>\n<meta property=\"article:modified_time\" content=\"2018-11-15T22:16:44+00:00\" \/>\n<meta name=\"twitter:card\" content=\"summary_large_image\" \/>\n<meta name=\"twitter:label1\" content=\"Szacowany czas czytania\" \/>\n\t<meta name=\"twitter:data1\" content=\"1 minuta\" \/>\n<script type=\"application\/ld+json\" class=\"yoast-schema-graph\">{\"@context\":\"https:\/\/schema.org\",\"@graph\":[{\"@type\":\"WebPage\",\"@id\":\"https:\/\/www.psttryskacze.pl\/?page_id=15\",\"url\":\"https:\/\/www.psttryskacze.pl\/?page_id=15\",\"name\":\"PST sp\u00f3\u0142ka z o.o. - projektowanie system\u00f3w tryskaczowych\",\"isPartOf\":{\"@id\":\"https:\/\/www.psttryskacze.pl\/#website\"},\"datePublished\":\"2018-11-12T20:49:32+00:00\",\"dateModified\":\"2018-11-15T22:16:44+00:00\",\"description\":\"Oferujemy kompleksowe rozwi\u0105zania w zakresie instalacji tryskaczowych, zraszaczowych, hydrantowych, instalacji mg\u0142y wodnej oraz technologii pompowni ppo\u017c.\",\"breadcrumb\":{\"@id\":\"https:\/\/www.psttryskacze.pl\/?page_id=15#breadcrumb\"},\"inLanguage\":\"pl-PL\",\"potentialAction\":[{\"@type\":\"ReadAction\",\"target\":[\"https:\/\/www.psttryskacze.pl\/?page_id=15\"]}]},{\"@type\":\"BreadcrumbList\",\"@id\":\"https:\/\/www.psttryskacze.pl\/?page_id=15#breadcrumb\",\"itemListElement\":[{\"@type\":\"ListItem\",\"position\":1,\"name\":\"Strona g\u0142\u00f3wna\",\"item\":\"https:\/\/www.psttryskacze.pl\/\"},{\"@type\":\"ListItem\",\"position\":2,\"name\":\"O nas\"}]},{\"@type\":\"WebSite\",\"@id\":\"https:\/\/www.psttryskacze.pl\/#website\",\"url\":\"https:\/\/www.psttryskacze.pl\/\",\"name\":\"PST\",\"description\":\"Projektowanie System&oacute;w Tryskaczowych\",\"publisher\":{\"@id\":\"https:\/\/www.psttryskacze.pl\/#organization\"},\"potentialAction\":[{\"@type\":\"SearchAction\",\"target\":{\"@type\":\"EntryPoint\",\"urlTemplate\":\"https:\/\/www.psttryskacze.pl\/?s={search_term_string}\"},\"query-input\":{\"@type\":\"PropertyValueSpecification\",\"valueRequired\":true,\"valueName\":\"search_term_string\"}}],\"inLanguage\":\"pl-PL\"},{\"@type\":\"Organization\",\"@id\":\"https:\/\/www.psttryskacze.pl\/#organization\",\"name\":\"PST sp\u00f3\u0142ka z o.o.\",\"url\":\"https:\/\/www.psttryskacze.pl\/\",\"logo\":{\"@type\":\"ImageObject\",\"inLanguage\":\"pl-PL\",\"@id\":\"https:\/\/www.psttryskacze.pl\/#\/schema\/logo\/image\/\",\"url\":\"https:\/\/www.psttryskacze.pl\/wp-content\/uploads\/2018\/11\/PST_logo_official_02.jpg.gif\",\"contentUrl\":\"https:\/\/www.psttryskacze.pl\/wp-content\/uploads\/2018\/11\/PST_logo_official_02.jpg.gif\",\"width\":1800,\"height\":2400,\"caption\":\"PST sp\u00f3\u0142ka z o.o.\"},\"image\":{\"@id\":\"https:\/\/www.psttryskacze.pl\/#\/schema\/logo\/image\/\"}}]}<\/script>\n<!-- \/ Yoast SEO plugin. -->","yoast_head_json":{"title":"PST sp\u00f3\u0142ka z o.o. - projektowanie system\u00f3w tryskaczowych","description":"Oferujemy kompleksowe rozwi\u0105zania w zakresie instalacji tryskaczowych, zraszaczowych, hydrantowych, instalacji mg\u0142y wodnej oraz technologii pompowni ppo\u017c.","robots":{"index":"index","follow":"follow","max-snippet":"max-snippet:-1","max-image-preview":"max-image-preview:large","max-video-preview":"max-video-preview:-1"},"canonical":"https:\/\/www.psttryskacze.pl\/?page_id=15","og_locale":"pl_PL","og_type":"article","og_title":"PST sp\u00f3\u0142ka z o.o. - projektowanie system\u00f3w tryskaczowych","og_description":"Oferujemy kompleksowe rozwi\u0105zania w zakresie instalacji tryskaczowych, zraszaczowych, hydrantowych, instalacji mg\u0142y wodnej oraz technologii pompowni ppo\u017c.","og_url":"https:\/\/www.psttryskacze.pl\/?page_id=15","og_site_name":"PST","article_modified_time":"2018-11-15T22:16:44+00:00","twitter_card":"summary_large_image","twitter_misc":{"Szacowany czas czytania":"1 minuta"},"schema":{"@context":"https:\/\/schema.org","@graph":[{"@type":"WebPage","@id":"https:\/\/www.psttryskacze.pl\/?page_id=15","url":"https:\/\/www.psttryskacze.pl\/?page_id=15","name":"PST sp\u00f3\u0142ka z o.o. - projektowanie system\u00f3w tryskaczowych","isPartOf":{"@id":"https:\/\/www.psttryskacze.pl\/#website"},"datePublished":"2018-11-12T20:49:32+00:00","dateModified":"2018-11-15T22:16:44+00:00","description":"Oferujemy kompleksowe rozwi\u0105zania w zakresie instalacji tryskaczowych, zraszaczowych, hydrantowych, instalacji mg\u0142y wodnej oraz technologii pompowni ppo\u017c.","breadcrumb":{"@id":"https:\/\/www.psttryskacze.pl\/?page_id=15#breadcrumb"},"inLanguage":"pl-PL","potentialAction":[{"@type":"ReadAction","target":["https:\/\/www.psttryskacze.pl\/?page_id=15"]}]},{"@type":"BreadcrumbList","@id":"https:\/\/www.psttryskacze.pl\/?page_id=15#breadcrumb","itemListElement":[{"@type":"ListItem","position":1,"name":"Strona g\u0142\u00f3wna","item":"https:\/\/www.psttryskacze.pl\/"},{"@type":"ListItem","position":2,"name":"O nas"}]},{"@type":"WebSite","@id":"https:\/\/www.psttryskacze.pl\/#website","url":"https:\/\/www.psttryskacze.pl\/","name":"PST","description":"Projektowanie System&oacute;w Tryskaczowych","publisher":{"@id":"https:\/\/www.psttryskacze.pl\/#organization"},"potentialAction":[{"@type":"SearchAction","target":{"@type":"EntryPoint","urlTemplate":"https:\/\/www.psttryskacze.pl\/?s={search_term_string}"},"query-input":{"@type":"PropertyValueSpecification","valueRequired":true,"valueName":"search_term_string"}}],"inLanguage":"pl-PL"},{"@type":"Organization","@id":"https:\/\/www.psttryskacze.pl\/#organization","name":"PST sp\u00f3\u0142ka z o.o.","url":"https:\/\/www.psttryskacze.pl\/","logo":{"@type":"ImageObject","inLanguage":"pl-PL","@id":"https:\/\/www.psttryskacze.pl\/#\/schema\/logo\/image\/","url":"https:\/\/www.psttryskacze.pl\/wp-content\/uploads\/2018\/11\/PST_logo_official_02.jpg.gif","contentUrl":"https:\/\/www.psttryskacze.pl\/wp-content\/uploads\/2018\/11\/PST_logo_official_02.jpg.gif","width":1800,"height":2400,"caption":"PST sp\u00f3\u0142ka z o.o."},"image":{"@id":"https:\/\/www.psttryskacze.pl\/#\/schema\/logo\/image\/"}}]}},"_links":{"self":[{"href":"https:\/\/www.psttryskacze.pl\/index.php?rest_route=\/wp\/v2\/pages\/15","targetHints":{"allow":["GET"]}}],"collection":[{"href":"https:\/\/www.psttryskacze.pl\/index.php?rest_route=\/wp\/v2\/pages"}],"about":[{"href":"https:\/\/www.psttryskacze.pl\/index.php?rest_route=\/wp\/v2\/types\/page"}],"author":[{"embeddable":true,"href":"https:\/\/www.psttryskacze.pl\/index.php?rest_route=\/wp\/v2\/users\/1"}],"replies":[{"embeddable":true,"href":"https:\/\/www.psttryskacze.pl\/index.php?rest_route=%2Fwp%2Fv2%2Fcomments&post=15"}],"version-history":[{"count":12,"href":"https:\/\/www.psttryskacze.pl\/index.php?rest_route=\/wp\/v2\/pages\/15\/revisions"}],"predecessor-version":[{"id":99,"href":"https:\/\/www.psttryskacze.pl\/index.php?rest_route=\/wp\/v2\/pages\/15\/revisions\/99"}],"wp:attachment":[{"href":"https:\/\/www.psttryskacze.pl\/index.php?rest_route=%2Fwp%2Fv2%2Fmedia&parent=15"}],"curies":[{"name":"wp","href":"https:\/\/api.w.org\/{rel}","templated":true}]}}